{"id":43,"date":"2012-01-29T09:22:57","date_gmt":"2012-01-29T09:22:57","guid":{"rendered":"http:\/\/www.perijeunesse.com\/blog2\/?page_id=43"},"modified":"2014-12-02T17:15:13","modified_gmt":"2014-12-02T17:15:13","slug":"le-projet-educatif","status":"publish","type":"page","link":"https:\/\/www.perijeunesse.com\/blog2\/fonctionnementpresentation\/le-projet-educatif\/","title":{"rendered":"Projet \u00e9ducatif"},"content":{"rendered":"<p style=\"text-align: center;\"><em><strong>Le projet \u00e9ducatif est actuellement en cours de r\u00e9\u00e9criture.<\/strong><\/em><\/p>\n<p style=\"text-align: justify;\">C\u2019est un projet d\u2019intention que l\u2019association souhaite mettre en \u0153uvre sur le moyen terme (3\/5 ans), explicitant les valeurs qui en sont \u00e0 l\u2019origine. Il est applicable \u00e0 l\u2019ensemble de la structure et doit \u00eatre le fil conducteur pour mettre en coh\u00e9rence toutes les actions.<br \/>\nP\u00e9ri\u2019Jeunesse accueille tout enfant scolaris\u00e9, de la maternelle au Coll\u00e8ge.<\/p>\n<p style=\"text-align: center;\"><strong>Les grandes lignes du projet \u00e9ducatif<\/strong><br \/>\n<strong>(ou les valeurs de l&rsquo;association)<\/strong><\/p>\n<p style=\"text-align: center;\"><img decoding=\"async\" loading=\"lazy\" class=\"aligncenter size-full wp-image-1050\" title=\"grandes lignes projet educatif\" alt=\"\" src=\"http:\/\/www.perijeunesse.com\/blog2\/wp-content\/uploads\/2012\/01\/grandes-lignes-projet-educatif.jpg\" width=\"640\" height=\"804\" srcset=\"https:\/\/www.perijeunesse.com\/blog2\/wp-content\/uploads\/2012\/01\/grandes-lignes-projet-educatif.jpg 640w, https:\/\/www.perijeunesse.com\/blog2\/wp-content\/uploads\/2012\/01\/grandes-lignes-projet-educatif-238x300.jpg 238w\" sizes=\"(max-width: 640px) 100vw, 640px\" \/><\/p>\n<p style=\"text-align: center;\"><em>\u00a0<\/em><\/p>\n","protected":false},"excerpt":{"rendered":"<p>Le projet \u00e9ducatif est actuellement en cours de r\u00e9\u00e9criture. C\u2019est un projet d\u2019intention que l\u2019association souhaite mettre en \u0153uvre sur le moyen terme (3\/5 ans), explicitant les valeurs qui en sont \u00e0 l\u2019origine. Il est applicable \u00e0 l\u2019ensemble de la &hellip; <a class=\"more-link\" href=\"https:\/\/www.perijeunesse.com\/blog2\/fonctionnementpresentation\/le-projet-educatif\/\">Lire la suite <span class=\"meta-nav\">&rarr;<\/span><\/a><\/p>\n","protected":false},"author":1,"featured_media":0,"parent":12,"menu_order":1,"comment_status":"closed","ping_status":"open","template":"","meta":[],"_links":{"self":[{"href":"https:\/\/www.perijeunesse.com\/blog2\/wp-json\/wp\/v2\/pages\/43"}],"collection":[{"href":"https:\/\/www.perijeunesse.com\/blog2\/wp-json\/wp\/v2\/pages"}],"about":[{"href":"https:\/\/www.perijeunesse.com\/blog2\/wp-json\/wp\/v2\/types\/page"}],"author":[{"embeddable":true,"href":"https:\/\/www.perijeunesse.com\/blog2\/wp-json\/wp\/v2\/users\/1"}],"replies":[{"embeddable":true,"href":"https:\/\/www.perijeunesse.com\/blog2\/wp-json\/wp\/v2\/comments?post=43"}],"version-history":[{"count":30,"href":"https:\/\/www.perijeunesse.com\/blog2\/wp-json\/wp\/v2\/pages\/43\/revisions"}],"predecessor-version":[{"id":3920,"href":"https:\/\/www.perijeunesse.com\/blog2\/wp-json\/wp\/v2\/pages\/43\/revisions\/3920"}],"up":[{"embeddable":true,"href":"https:\/\/www.perijeunesse.com\/blog2\/wp-json\/wp\/v2\/pages\/12"}],"wp:attachment":[{"href":"https:\/\/www.perijeunesse.com\/blog2\/wp-json\/wp\/v2\/media?parent=43"}],"curies":[{"name":"wp","href":"https:\/\/api.w.org\/{rel}","templated":true}]}}

Projet éducatif

<p style="text-align: center;"><em><strong>Le projet éducatif est actuellement en cours de réécriture.</strong></em></p>
<p style="text-align: justify;">C’est un projet d’intention que l’association souhaite mettre en œuvre sur le moyen terme (3/5 ans), explicitant les valeurs qui en sont à l’origine. Il est applicable à l’ensemble de la structure et doit être le fil conducteur pour mettre en cohérence toutes les actions.<br />
Péri’Jeunesse accueille tout enfant scolarisé, de la maternelle au Collège.</p>
<p style="text-align: center;"><strong>Les grandes lignes du projet éducatif</strong><br />
<strong>(ou les valeurs de l&rsquo;association)</strong></p>
<p style="text-align: center;"><img decoding="async" loading="lazy" class="aligncenter size-full wp-image-1050" title="grandes lignes projet educatif" alt="" src="http://www.perijeunesse.com/blog2/wp-content/uploads/2012/01/grandes-lignes-projet-educatif.jpg" width="640" height="804" srcset="https://www.perijeunesse.com/blog2/wp-content/uploads/2012/01/grandes-lignes-projet-educatif.jpg 640w, https://www.perijeunesse.com/blog2/wp-content/uploads/2012/01/grandes-lignes-projet-educatif-238x300.jpg 238w" sizes="(max-width: 640px) 100vw, 640px" /></p>
<p style="text-align: center;"><em> </em></p>

<p>Le projet éducatif est actuellement en cours de réécriture. C’est un projet d’intention que l’association souhaite mettre en œuvre sur le moyen terme (3/5 ans), explicitant les valeurs qui en sont à l’origine. Il est applicable à l’ensemble de la &hellip; <a class="more-link" href="https://www.perijeunesse.com/blog2/fonctionnementpresentation/le-projet-educatif/">Lire la suite <span class="meta-nav">&rarr;</span></a></p>
