{"id":46,"date":"2012-01-29T09:24:00","date_gmt":"2012-01-29T09:24:00","guid":{"rendered":"http:\/\/www.perijeunesse.com\/blog2\/?page_id=46"},"modified":"2026-03-18T15:52:49","modified_gmt":"2026-03-18T15:52:49","slug":"le-projet-pedagogique","status":"publish","type":"page","link":"https:\/\/www.perijeunesse.com\/blog2\/fonctionnementpresentation\/le-projet-pedagogique\/","title":{"rendered":"Projet p\u00e9dagogique"},"content":{"rendered":"<p><em><strong>Le projet p\u00e9dagogique\u00a0<\/strong><\/em><\/p>\n<p>Le projet p\u00e9dagogique est un document qui explique comment l\u2019\u00e9quipe d\u2019animation organise l\u2019accueil de loisirs et accompagne les enfants au quotidien.<\/p>\n<p>Il d\u00e9finit les orientations p\u00e9dagogique (comme apprendre \u00e0 vivre ensemble, d\u00e9velopper l\u2019autonomie ou encourager la cr\u00e9ativit\u00e9) ainsi que les moyens mis en place pour les atteindre, \u00e0 travers les activit\u00e9s et les temps de vie quotidienne.<\/p>\n<p>Concr\u00e8tement, il permet de donner du sens \u00e0 ce que vivent les enfants chaque jour et de garantir un cadre \u00e0 la fois s\u00e9curisant, \u00e9ducatif et adapt\u00e9 \u00e0 leurs besoins.<\/p>\n<p class=\"isSelectedEnd\">Au quotidien, les animateurs proposent des activit\u00e9s r\u00e9fl\u00e9chies et adapt\u00e9es aux enfants, qui sont encourag\u00e9s \u00e0 participer et \u00e0 exprimer leurs envies. Chaque moment de la journ\u00e9e (jeux, repas, temps calmes) est utilis\u00e9 comme un temps \u00e9ducatif.<\/p>\n<p data-pm-slice=\"1 1 []\">Le projet \u00e9volue r\u00e9guli\u00e8rement gr\u00e2ce \u00e0 l\u2019observation et aux \u00e9changes, notamment lors des temps d\u2019\u00e9valuations qui ont lieu r\u00e9guli\u00e8rement au cours de l\u2019ann\u00e9e, et ce afin de mieux r\u00e9pondre aux besoins des enfants, garantir leur bien-\u00eatre et leur s\u00e9curit\u00e9.<\/p>\n<p><a href=\"http:\/\/www.perijeunesse.com\/blog2\/wp-content\/uploads\/2022\/10\/perijeunesse_20221005_181353_0001-1.jpg\"><img decoding=\"async\" loading=\"lazy\" class=\"alignnone wp-image-7321 \" src=\"http:\/\/www.perijeunesse.com\/blog2\/wp-content\/uploads\/2022\/10\/perijeunesse_20221005_181353_0001-1-e1664989181715-1024x724.jpg\" alt=\"\" width=\"676\" height=\"478\" srcset=\"https:\/\/www.perijeunesse.com\/blog2\/wp-content\/uploads\/2022\/10\/perijeunesse_20221005_181353_0001-1-e1664989181715-1024x724.jpg 1024w, https:\/\/www.perijeunesse.com\/blog2\/wp-content\/uploads\/2022\/10\/perijeunesse_20221005_181353_0001-1-e1664989181715-300x212.jpg 300w, https:\/\/www.perijeunesse.com\/blog2\/wp-content\/uploads\/2022\/10\/perijeunesse_20221005_181353_0001-1-e1664989181715-768x543.jpg 768w\" sizes=\"(max-width: 676px) 100vw, 676px\" \/><\/a><\/p>\n<p style=\"text-align: center;\">\n<p style=\"text-align: justify;\">\n","protected":false},"excerpt":{"rendered":"<p>Le projet p\u00e9dagogique\u00a0 Le projet p\u00e9dagogique est un document qui explique comment l\u2019\u00e9quipe d\u2019animation organise l\u2019accueil de loisirs et accompagne les enfants au quotidien. Il d\u00e9finit les orientations p\u00e9dagogique (comme apprendre \u00e0 vivre ensemble, d\u00e9velopper l\u2019autonomie ou encourager la cr\u00e9ativit\u00e9) &hellip; <a class=\"more-link\" href=\"https:\/\/www.perijeunesse.com\/blog2\/fonctionnementpresentation\/le-projet-pedagogique\/\">Lire la suite <span class=\"meta-nav\">&rarr;<\/span><\/a><\/p>\n","protected":false},"author":1,"featured_media":0,"parent":12,"menu_order":2,"comment_status":"closed","ping_status":"open","template":"","meta":[],"_links":{"self":[{"href":"https:\/\/www.perijeunesse.com\/blog2\/wp-json\/wp\/v2\/pages\/46"}],"collection":[{"href":"https:\/\/www.perijeunesse.com\/blog2\/wp-json\/wp\/v2\/pages"}],"about":[{"href":"https:\/\/www.perijeunesse.com\/blog2\/wp-json\/wp\/v2\/types\/page"}],"author":[{"embeddable":true,"href":"https:\/\/www.perijeunesse.com\/blog2\/wp-json\/wp\/v2\/users\/1"}],"replies":[{"embeddable":true,"href":"https:\/\/www.perijeunesse.com\/blog2\/wp-json\/wp\/v2\/comments?post=46"}],"version-history":[{"count":30,"href":"https:\/\/www.perijeunesse.com\/blog2\/wp-json\/wp\/v2\/pages\/46\/revisions"}],"predecessor-version":[{"id":8196,"href":"https:\/\/www.perijeunesse.com\/blog2\/wp-json\/wp\/v2\/pages\/46\/revisions\/8196"}],"up":[{"embeddable":true,"href":"https:\/\/www.perijeunesse.com\/blog2\/wp-json\/wp\/v2\/pages\/12"}],"wp:attachment":[{"href":"https:\/\/www.perijeunesse.com\/blog2\/wp-json\/wp\/v2\/media?parent=46"}],"curies":[{"name":"wp","href":"https:\/\/api.w.org\/{rel}","templated":true}]}}